 o(l) = -4*r(l) - 3*w(l). What is o(-5)?
-1
Let a(x) = -x**2 - 11*x - 2. Let t(j) = j**3 + 6*j**2 + 2*j + 1. Let r be t(-6). Determine a(r).
-2
Let j(p) = p**2 - 14*p + 1. Let q be ((-4)/22)/1 + 1424/88. Calculate j(q).
33
Let k(m) = -m - 14. Let x(q) = 12*q**2 - 1160*q - 405. Let o be x(97). Determine k(o).
3
Let w(b) be the third derivative of 1/4*b**5 - 1/2*b**4 + 0 - 17/6*b**3 - 20*b - 5*b**2 - 1/120*b**6. Calculate w(14).
11
Let s(n) = -2*n - 2. Let k = -26 - -27. Let u(r) = r + 2. Let q be u(k). Suppose 5*d = q*d - 10. Calculate s(d).
8
Let f(t) = -32*t - 706. Suppose -352 = 142*v - 126*v. Give f(v).
-2
Let q(d) = -6*d - 4. Let z be (7 + -21 - -5)/1. What is q(z)?
50
Let u(b) = 53*b**2 + 35*b - 96. Let o(c) = -7*c**2 - 5*c + 13. Let x(j) = 15*o(j) + 2*u(j). Calculate x(6).
9
Let f(a) = 13*a - 20. Let s be f(3). Let b(m) = -s*m + 31*m + 9 - 6*m. Let x(y) = 2*y + 3. Let k(i) = -3*b(i) + 8*x(i). Calculate k(-3).
3
Let l(c) be the third derivative of -c**5/120 - 5*c**4/8 - 103*c**3/6 + 12*c**2 - 3*c. Let s(i) be the first derivative of l(i). Give s(-14).
-1
Let d = 8 + -4. Let c(w) = 641 - 1287 + 644 - w**2 + 296*w - 295*w. What is c(d)?
-14
Let j(m) = -m**3 - m - 2. Let o = -40 + 43. Suppose 3*z + o = -0*z, 2*h + 34 = 2*z. Let k = h + 18. Give j(k).
-2
Suppose -20*h + 152 = -288. Let g(j) = -j**2 - 5*j - 39 + h + 24. Give g(-6).
1
Let x(y) = y**3 - 2*y - 10. Let s be ((-29)/(-348))/(2/64)*(-3)/(-2). Give x(s).
46
Let y be -4 + 3 - (-10)/2. Let q(z) = 3*z - 51. Let x(m) = 16*m - 281. Let l(f) = -11*q(f) + 2*x(f). Determine l(y).
-5
Let p(y) = -4*y - 42. Let u be -13*((-1)/(-4))/((-1)/(-4)). Let m be p(u). Let h(z) = -2*z**2 + m - 2*z**2 + z + 5*z**2 + 6. Determine h(0).
16
Let w = 55 - 53. Let p(b) = 371*b**2 - w*b - 3 - 192*b**2 - 178*b**2. Suppose -3*n + 4*z = -8*n - 10, -3*z - 10 = 5*n. Determine p(n).
5
Let h(d) = -16611*d - 2 - 6*d**2 + 4*d**2 - d**3 + 16611*d. Let z = -1 - 1. Calculate h(z).
-2
Let z(m) = -4*m**2 + 4*m + 17. Let f be z(2). Let r(w) = w**2 - w - 24. Calculate r(f).
48
Suppose -106*k + 90 = -80*k - 14. Let g(q) = -7*q + 1. Determine g(k).
-27
Let l(t) = -121*t - 248. Let n be l(-2). Let c(p) = -p**3 - 6*p**2 + 2*p + 10. Give c(n).
-2
Let m(s) = -7*s - 21. Let v(r) = r**3 - 3*r**2 - 6. Let d be v(3). Let h be m(d). Suppose -4*f = 29 - h. Let c(u) = -u**3 - 4*u**2 + u. Determine c(f).
-10
Let w(k) = k**2 - 46*k. Let v(a) = -7*a**2 + 298*a - 53. Let o(i) = v(i) + 6*w(i). Give o(20).
-13
Let p(q) = -22*q + 120. Let n be p(9). Let l = n + 74. Let i(z) be the third derivative of z**5/60 + z**4/8 + z**3 + z**2. Calculate i(l).
10
Let j(s) = -9*s - 561. Let i(h) = 2*h + 116. Let c(n) = -24*i(n) - 5*j(n). What is c(-14)?
63
Suppose 0 = -232*b + 225*b + 49. Suppose 4*p = -5*f - b, -11*f + 10*f = -5*p + 13. Let d(z) = -z**2 - z - 2. Give d(f).
-8
Let r(m) be the third derivative of 5*m**4/12 + 10*m**3/3 + 1422*m**2. Give r(-4).
-20
Let f(n) = -n. Let r(z) = 3*z - 3. Let w be 1572/(-36) - 1/3. Let l = 45 + w. Let h(c) = l*r(c) + 4*f(c). Determine h(-3).
0
Let p(y) be the third derivative of -y**6/15 - y**5/60 + y**3/6 - 237*y**2 + 2. What is p(-1)?
8
Let h(a) be the second derivative of -a**6/144 + a**5/24 + 26*a**4/3 - 110*a. Let b(r) be the third derivative of h(r). Give b(2).
-5
Let f(v) = -v**3 - v**2 + 1. Let h be ((-2)/(-7))/(2 - (-150)/(-70)). Let n be 3*h/8 + 455/260. Give f(n).
-1
Suppose 4*b = -4*w - 4, 4*b - 4*w = -0*b + 28. Suppose -2 = -3*p + 4*d, b*p - d + 3*d + 10 = 0. Let l(f) = -3*f**2 + 4*f + 3. Determine l(p).
-17
Let h = -23431 + 23434. Let b(a) be the first derivative of -h*a - 37 + 1/2*a**2. What is b(7)?
4
Let p(r) = 6*r + 48. Suppose -3*v - 24 = 87*j - 84*j, -2*v + 10 = 0. Give p(j).
-30
Let y(a) be the third derivative of -a**5/60 + 7*a**4/24 + 11*a**3/6 - 164*a**2 - 1. Give y(9).
-7
Suppose 0 = -4*r + 5*x + 22, 5*r - 4*x = -3*x + 17. Suppose w = -q, 2*q - 3 = -r*w - 2. Let u(d) = -d**2 - 7*d - 5. What is u(q)?
1
Let k = -6 + 10. Let l = -412 - -414. Let j(d) = -2*d + 0 - 1774*d**2 + 1775*d**2 - 2 - l. What is j(k)?
4
Suppose 0 = 3*j - 107 + 179. Let q be 78/j - (-6 + 138/24). Let f(o) = 6*o**2 + 3*o - 1. Give f(q).
44
Let c(y) be the second derivative of y**4/12 - 2*y**3 + 27*y**2/2 - 4612*y. Calculate c(5).
-8
Let o(n) = -n**3 + 13*n**2 - 7*n - 1. Suppose -23*y = -28*y + 3*s + 68, -5 = 5*s. What is o(y)?
-92
Let m(g) be the third derivative of g**6/60 - g**5/20 - g**4/24 + 3*g**3/2 - 4*g**2 + 18*g - 44. Give m(0).
9
Let v be 6/(2/((-4)/(-3))). Suppose v*o + 11 = -5. Let h(q) be the first derivative of q**2/2 - 2*q + 818. Determine h(o).
-6
Let a(u) be the second derivative of 7*u**3/6 + 6*u**2 - 758*u. Give a(-2).
-2
Let p(l) = -l**2 + 19*l - 9. Let y be p(19). Let j(s) = -5*s - 43. Let f be j(y). Let x(m) = 2*m + m**2 - 4 + 7 - 2*m**f + 7*m. Calculate x(8).
11
Let o be 21 + -39 + -9 + 21. Let s(v) = 2*v**3 + 14*v**2 + 5*v - 14. What is s(o)?
28
Let m(p) = 117*p + 12. Let s(h) = -205*h - 24. Let u(b) = -7*m(b) - 4*s(b). What is u(-3)?
9
Let s(x) be the first derivative of -x**4/4 - 2*x**3 - x**2 + 4*x - 1. Let z = 505693 - 505699. What is s(z)?
16
Let x = -43815 + 43807. Let q(l) = -2*l**2 - 6*l - 29. Calculate q(x).
-109
Let b(w) = 3*w**2 - 10 + 6 + 9 + 1 + 82*w - 84*w. Determine b(6).
102
Let g = 1161 - 724. Let s = 431 - g. Let j(b) = b**2 + 7*b - 2. What is j(s)?
-8
Let q(p) = -p - 5. Suppose 3*s - 47 = 4*v + 4, -17 = -s - 3*v. Suppose 18*r + 10 = s*r. Determine q(r).
5
Let v(k) = -187*k + 177. Let r(j) = -23*j + 22. Let c(n) = -49*r(n) + 6*v(n). Calculate c(9).
29
Let i(u) = 42*u - 211. Let y(o) = 144*o - 633. Let l(g) = -7*i(g) + 2*y(g). Calculate l(34).
7
Let v be -16 + 5*(-190)/(-50). Let y(l) be the second derivative of l**4/6 + l**3/6 - l. What is y(v)?
21
Let a(b) = 5 - 4 - 2*b**2 - 9 + 0. Let c(z) be the third derivative of -z**5/20 - 17*z**3/6 - 4*z**2. Let f(g) = -5*a(g) + 3*c(g). Give f(0).
-11
Let n(d) = -4*d**2 - d + d**2 + 4*d**2 + 3*d. Let i be 1 - 4 - -24 - 2. Suppose -i = -5*z - 34. Give n(z).
3
Let b(w) = -19*w**3 + w**2 - 1. Let f be 8 - -1 - (-8 - -14). Suppose -f*y + 5*r = 13, -y + 1 = -0*r + r. Calculate b(y).
19
Let l(z) = -28*z**2 - 2 - 36*z**2 + 89*z**2 - 30*z**2 + 2*z. Give l(2).
-18
Let r(l) be the first derivative of -l**5/20 - 3*l**4/4 - l**3/6 + 3*l**2 - 145*l - 43. Let z(h) be the first derivative of r(h). Give z(-8).
-50
Suppose -263 = -63*z + 178. Let w(j) = -21 + 5 + 76*j**2 + 9*j - 77*j**2. What is w(z)?
-2
Let c = 5953 - 5951. Let g(w) = 1. Let t(j) = -j**2 + j - 1. Let a(k) = -4*g(k) - t(k). Give a(c).
-1
Suppose 24 = 2*a + w, 0*a - 10 = a - 5*w. Suppose a*n = 9*n + 4. Let y(b) = 0*b - 3*b + 2 + n*b. Give y(-3).
-1
Let o(c) = 5*c**2 - 3*c + 1. Suppose -53*t + 20 = -43*t. Suppose 72*x + t = 73*x. Determine o(x).
15
Let g(b) be the second derivative of -b**5/20 - 5*b**4/4 - 10*b**3/3 - 91*b**2/2 - 7714*b. Calculate g(-14).
-7
Let w(f) = -2*f**3 - f**2 - 6*f + 12. Let n be w(-5). Let c(l) = -2 + 544*l - 259*l - n*l. Calculate c(-1).
-20
Let v(k) be the third derivative of -13*k**4/12 - 235*k**3/6 - 566*k**2 - 5*k. Determine v(-9).
-1
Let f(g) = g**3 - 9*g**2 + 8*g + 10. Let a be f(8). Let v be ((-8)/a)/((-12)/60). Let p(y) = -3*y + 5. Determine p(v).
-7
Let g(j) be the second derivative of j**6/180 + j**5/40 + 7*j**4/4 - j**2 - 18*j - 2. Let u(k) be the third derivative of g(k). Determine u(-3).
-9
Let p(j) = 11*j. Suppose -5 = 2*z + 1, 4*z + 42 = 3*w. Let g be -2 + 2 + w + -11. Let m be 2 - ((-3)/g + -2). Calculate p(m).
11
Let d(p) = 9*p + 28. Let h(f) = 36 - 77 + 39 - 2*f. Let z(n) = d(n) + 4*h(n). What is z(-15)?
5
Let k(z) = z**2 - 2. Let t = -5418 + 5419. What is k(t)?
-1
Let y be ((-720)/(-560))/(6/14). Let c(n) = -n + 13. Let r(m) = -2*m + 19. Let u(v) = -7*c(v) + 5*r(v). Determine u(y).
-5
Let y(w) be the first derivative of -22 + 1/3*w**4 + 0*w - 17/2*w**2 + 0*w**3. Let m(c) be the second derivative of y(c). What is m(1)?
8
Let s(i) = -3*i + 1 - i**2 + 0*i + 4. Suppose 4*y + 767*q - 771*q = -40, 4*q = 2*y + 34. Give s(y).
5
Let n(o) = -3*o - 1. Let z be n(-1). Suppose z = -2*k + 2*i, -4*k + 9*i = 4*i + 7. Let t be (-11)/k + (-1)/(-2) + 0. Let j(h) = -h**2 - 6*h + 1. Determine j(t).
6
Suppose 0 = -3*z - 3 - 3. Let f(u) = 5*u**2. Let y(w) = -7*w**2 - 1. Le